
Suppose 4*t + 1696 = 4*s, 0 = -0*t + 3*t + s + 1288. Let l = 426 + t. Let q(j) = -2*j**2 - 1. Determine q(l).
-9
Let y(a) = a**3 - 4*a - 3. Let v = -578 + 582. Suppose -v*k = -15*d + 14*d - 22, -5*k + 33 = -4*d. Determine y(d).
-3
Suppose -191*k + 192*k - 22 = 0. Suppose -18*r - 4 = -k*r. Let t(o) = 4*o**3 + o**2 - o. What is t(r)?
4
Let k(m) = -20*m**3 - 2*m - 3630*m**2 + 3 - 4 + 1820*m**2 + 1810*m**2. What is k(-1)?
21
Let m(t) = t**2 + 17*t - 5. Let d(v) = 2*v**2 + 22*v - 5. Let p(c) = 2*d(c) - 3*m(c). What is p(6)?
-1
Let u(s) = s. Suppose 3024 = -35*r + 8*r. Let v = r - -111. Calculate u(v).
-1
Let u(s) = -23*s**2 + s. Suppose 0 = -136*q + 226 - 90. What is u(q)?
-22
Suppose -827 = -4*a + 3*l - 799, 3*a - 22 = 2*l. Let n(x) = -x**3 + 8*x**2 + 23*x - 25. What is n(a)?
5
Let p(d) be the third derivative of 5*d**4/12 - 35*d**3/6 - 4376*d**2. Calculate p(3).
-5
Let x be 245/(-50) + (-3)/8 + (-165)/(-600). Let n(s) be the third derivative of -2*s**2 + 0*s + 0 - 2/3*s**3 - 1/24*s**4. Give n(x).
1
Suppose -m - 2*m - p + 21 = 0, m = 2*p + 7. Let z(f) = -f**2 + 3*f + 22. Let t be z(m). Let a(i) = -2*i + 0 + 6 - 5. What is a(t)?
13
Let a(c) = 26*c**3 + 26*c**3 - 3 + 24*c**3 + 2 - 78*c**3. Let t(m) = m**2 - 4*m + 4. Let x be t(3). Give a(x).
-3
Let p(a) be the second derivative of -2*a**3/3 - 3*a**2/2 - 87*a - 3. Calculate p(-1).
1
Let z(g) = -8*g**2 - 5*g + 8. Let l(h) = 3*h**2 + 2*h - 3. Let m(t) = -11*l(t) - 4*z(t). Let r = 96 - 95. Determine m(r).
-2
Let l = 16397 - 16421. Let a(i) = -i**3 - 26*i**2 - 46*i + 52. Calculate a(l).
4
Suppose 15 = -197*b + 194*b. Let v(j) = -j**3 - 6*j**2 - 6*j. What is v(b)?
5
Let n(h) be the third derivative of -1/12*h**4 + 0*h + 0 - 69*h**2 + 4/3*h**3. Give n(6).
-4
Let d = 495 - 38. Let s = d + -446. Let z(b) = b**2 - 11*b - 5. What is z(s)?
-5
Let f be (-202)/505 - -74*4/40. Let h(x) = -9*x + 42. What is h(f)?
-21
Let l(x) be the second derivative of x**8/6720 - x**7/360 - x**6/90 - x**5/20 + x**4/2 + x**2 - 58*x. Let i(u) be the third derivative of l(u). What is i(8)?
-6
Let z(w) = 2*w + 10. Let i(k) = 4*k + 21. Let h(q) = 4*i(q) - 9*z(q). Let p be 15 + -11 + -1 + -9. Let c be h(p). Let l(j) = j**3 - 6*j**2 + 5. Calculate l(c).
5
Suppose -11*k + 2 = -10*k. Let o(g) = -121*g + 62*g - k + 60*g + 8. What is o(-11)?
-5
Let h(j) be the first derivative of -3*j**3 + j - 2. Let x(y) = -32*y**3 + 2*y**2 - 1. Let g be x(-1). Let f = 32 - g. What is h(f)?
-8
Let t(f) be the first derivative of -f**5/120 + 7*f**3/3 - 3. Let h(y) be the third derivative of t(y). Let k be (-82)/26 + (0 - (-12)/78). Calculate h(k).
3
Let u(o) be the first derivative of 3*o**2 - 100*o - 10458. Give u(14).
-16
Let f be (5/(-4) + 3/12)/((-20)/(-220)). Let o(z) = -3*z - 15. Let v(w) = -w. Let m(b) = -o(b) + 2*v(b). Give m(f).
4
Let f be 185/40 + -2 + 38/16. Let t(o) = 3*o**3 - 12*o**2 + 5*o - 3. Calculate t(f).
97
Let f(c) = 2*c - 4. Let b(x) = 11 - 3*x - 4*x + 6*x + 7. Let h be b(12). Determine f(h).
8
Suppose -3*l = -8*l. Let o(j) be the first derivative of 1/2*j**2 + 1/3*j**3 + 2*j + 141. What is o(l)?
2
Let n(c) be the first derivative of -c**3/3 - 8*c**2 + 345*c - 6037. Determine n(-28).
9
Let v(k) be the second derivative of k**4/12 - 15*k**2/2 + 1617*k. What is v(-4)?
1
Suppose 7 + 5 = 4*w. Suppose o - 5*t + 8 = 0, -2*t + w - 7 = 2*o. Let q(f) be the first derivative of f**2 + f - 47385. What is q(o)?
-5
Let g = 2725 + -2719. Let y(a) = -a + 16. What is y(g)?
10
Let x(q) = 8*q - 226. Let u = 24757 - 24729. Calculate x(u).
-2
Let j(h) be the second derivative of -7*h**3/2 + 21*h**2 + h - 1794. Give j(2).
0
Let l(o) = 2*o**2 - 14*o + 18. Let w(u) = -9*u**2 - 404*u + 49. Let z be w(-45). Give l(z).
-6
Let v(t) = -t**3 - 4*t**2 + 3*t + 12. Let r = -14549 - -14544. Determine v(r).
22
Let p(t) be the second derivative of -t**4/12 - 4*t**3 + 8*t**2 - 1058*t. Determine p(-25).
-9
Let i(a) = a**2 - 23*a + 108. Let w = 17955 + -17938. What is i(w)?
6
Let d(a) be the third derivative of a**7/1260 + a**6/360 - a**5/120 - 31*a**4/24 + 14*a**2. Let v(i) be the second derivative of d(i). Calculate v(-3).
11
Let i(c) = 7*c - 6 + 10*c + 2*c - 22*c. Calculate i(13).
-45
Suppose -5*n - 4*m = 1, 0 = n + 18*m - 20*m + 17. Let i(u) = u**2 + 4*u - 25. Give i(n).
-20
Let y = 20850 + -20852. Let u(p) be the third derivative of p**4/4 + p**3/3 + p**2. Determine u(y).
-10
Let q(a) = -4*a**2 - a + 5. Let c(n) = -5*n**2 - n + 6. Let y(d) = -5*c(d) + 6*q(d). Let k(s) = 852*s - 1708. Let m be k(2). Give y(m).
20
Suppose -10 = -3*a + 4*a. Let y(l) = 2*l**2 + 10*l - 12. Let v be y(-7). Let h(f) = -10*f + 6 - f**3 - v*f**2 + 21*f**2 - 16*f**2 - 1. Calculate h(a).
5
Let w be (-2)/4 + (4 - (-18)/12). Let n(d) = 3*d + 6. What is n(w)?
21
Let d = 2580 - 2584. Let b(c) = -c**3 - 6*c**2 - 8*c - 4. Determine b(d).
-4
Let x(p) = -59 + 140 + 1784*p - p**2 - 1785*p. What is x(0)?
81
Let p(h) = 4*h + 0*h**3 - 4*h**2 - 4*h**3 + 3*h**3 - 1. Suppose 5*j - 151 - 244 = 2*i, -3*j - 972 = 5*i. Let v = i + 190. What is p(v)?
4
Let r = -59 - -45. Let i = r - -15. Let d(w) = w**2 - 1 + w - w + 3*w - i. Calculate d(-3).
-2
Suppose -2*i + 99 = 3*n, 2*n = 4 - 6. Suppose -57*t = -i*t - 42. Let m(s) = -s**3 + 7*s**2 + 3*s + 10. Give m(t).
31
Let j(p) = p - 9. Let d(b) = -b + 17. Let u(h) = 3*d(h) + 5*j(h). Suppose 4*f = l - 25, 68*l - 63*l + 25 = -5*f. What is u(f)?
-6
Let v(y) = 0 + 0 - 3 - 7*y + 1. Let s(d) = 3*d**2 - 9*d + 3. Suppose 4*n - 12*n + 24 = 0. Let i be s(n). What is v(i)?
-23
Let c(o) = -o**3 - 4*o**2 - 3*o - 1. Suppose 195 = 201*y - 240*y. Determine c(y).
39
Let y(v) = -4*v**2 + v - 2. Suppose -37 + 36 = -j. Let t(x) = 3*x**2 + x + 1. Let m(s) = j*y(s) + t(s). Determine m(1).
0
Let a(r) be the third derivative of 19*r**5/60 - r**4/12 + 2*r**2 - 704*r - 1. What is a(-2)?
80
Suppose 6 = -2*s, -2*y + 8 = -4*s - 12. Suppose 4*i - 20 = -3*q - 5*q, i = -4*q + 11. Let m(h) = h**q - 24*h - h**2 + 6 + 5 + 26*h - 6 - 4*h**2. What is m(y)?
-3
Let j(k) be the third derivative of -k**6/120 + k**5/6 - 7*k**4/24 - 7*k**3/3 - 18*k**2 - 9*k + 2. Let n be (-2 - (-5)/2)*18. Calculate j(n).
4
Let r(v) = -v**2. Let y(o) = 2*o**2 + 6*o - 20. Let n = -453 + 454. Let a(u) = n*y(u) + r(u). Determine a(-9).
7
Suppose 57 = -10*z + 29*z. Let b(k) = 16*k**2 + 10 - 8*k**2 - 3*k + 2*k + z*k + k**3. Give b(-8).
-6
Let u be 1/(0 + 1)*(474 + -493). Let j(t) = 2*t + 33. Give j(u).
-5
Suppose -3*m - 89*m - 368 = 0. Let r(p) = 2*p - 4. Give r(m).
-12
Let k be 4/(-5) + 22/110*9. Let x(c) = -45*c**3 - 1. Give x(k).
-46
Suppose m - 20 = 5*m, 4*h - 4*m + 44 = 0. Let r(o) = o**2 + 16*o + 21. Give r(h).
21
Let z(w) = 16*w - 96. Let l(d) = 3*d - 19. Let j(p) = -11*l(p) + 2*z(p). Let h = -48 + 46. Let o(g) = 6*g - 85. Let n(u) = h*o(u) - 11*j(u). Determine n(-7).
-10
Suppose k - 5*m = 6, k - m = 1 + 1. Let o be -1 - (2 - (k + -6)). Let a(j) = -j**3 - 8*j**2 + 2*j + 6. Determine a(o).
-10
Let s(u) = -2*u + 10. Let j be s(5). Let m(v) be the third derivative of 1/24*v**4 - 1/120*v**6 + 13*v**2 + 0 + 0*v - 10/3*v**3 + 1/60*v**5. What is m(j)?
-20
Let m(x) = -x**3 + 5*x**2 - 4*x - 5. Suppose 0*o = -6*o + 4*o. Suppose -2*n + 6 + o = 4*f, 2*n = -f - 3. Let b be 3/(3/12*f). What is m(b)?
-5
Let k(c) = 8*c - 379. Let l(g) = g**3 - 21*g**2 - 15*g - 106. Let x be l(22). Give k(x).
5
Let o(m) = 2*m**3 + 2*m**2 - m + 1. Let f be o(1). Suppose 5*w = 9*w - f*n - 4, 0 = n + 4. Let d(x) = -81*x - 4 - x**3 + 78*x - 4*x**2 + 4. What is d(w)?
0
Suppose -52 = -4*k - 5*y - 39, k = -4*y + 6. Let l(n) be the first derivative of -1/3*n**3 + 5/2*n**k + 9*n + 6. What is l(7)?
-5
Let s(f) = -26 - 53 + 1349*f - 1353*f + 12 + 3. Give s(-12).
-16
Let p(d) = 7*d + 4. Let o = 224 + -232. What is p(o)?
-52
Let k(b) = 180*b - 522. Let o(l) = -114*l + 347. Let q(v) = 5*k(v) + 8*o(v). Determine q(13).
10
Let i be -5 + (2 - -10 - 0). Let o(d) = d**3 - 8*d**2 + 2*d - 9. Determine o(i).
-44
Let u(f) = 2*f**2 - 31*f - 12. Let m = 3601 + -3585. Give u(m).
4
Let o(y) = 5*y**3 - 11*y**2 + 16*y + 16. Let c(a) = 13*a**3 - 21*a**2 + 33*a + 33. Let l(u) = -2*c(u) + 5*o(u). What is l(-14)?
14
Let c(r) = -6257*r + 3 + 3133*r + 3125*r. Suppose -3*q = q. Determine c(q).
3
Let j be 4/(-6)*15/(-2). Suppose 0 = 33*d + 17*d - 50. Let l(f) = 7*f - j*f - d - 2*f - f. Give l(-7